{"id":12609,"date":"2021-09-01T00:18:34","date_gmt":"2021-09-01T03:18:34","guid":{"rendered":"https:\/\/pantallauruguay.muustackhost.com\/?page_id=12609"},"modified":"2026-03-24T18:35:03","modified_gmt":"2026-03-24T21:35:03","slug":"rse","status":"publish","type":"page","link":"https:\/\/www.pantallauruguay.com.uy\/rse\/","title":{"rendered":""},"content":{"rendered":"<p style=\"font-weight: 400;\">Pantalla Uruguay invita a participar del concurso de fotograf\u00eda \u201cRemate con Historia\u201d, en el marco de la celebraci\u00f3n de sus 25 a\u00f1os. El objetivo es recuperar, a trav\u00e9s de im\u00e1genes, la memoria visual de la ganader\u00eda y su comercializaci\u00f3n en Uruguay, incluyendo fotograf\u00edas antiguas y contempor\u00e1neas que cuenten c\u00f3mo ha evolucionado esta actividad en el pa\u00eds. Las fotograf\u00edas ganadoras ser\u00e1n rematadas en un evento especial a realizarse en Setiembre 2026, con motive de la celebraci\u00f3n de los 25 a\u00f1os de Pantalla Uruguay, y lo obtenido ser\u00e1 entregado a escuelas rurales, seleccionadas por sorteo el d\u00eda del remate.<\/p>\n<p>&nbsp;<\/p>\n<p>&nbsp;<\/p>\n<p>&nbsp;<\/p>\n","protected":false},"excerpt":{"rendered":"<p>Pantalla Uruguay invita a participar del concurso de fotograf\u00eda \u201cRemate con Historia\u201d, en el marco de la celebraci\u00f3n de sus 25 a\u00f1os. El objetivo es recuperar, a trav\u00e9s de im\u00e1genes, la memoria visual de la ganader\u00eda y su comercializaci\u00f3n en Uruguay, incluyendo fotograf\u00edas antiguas y contempor\u00e1neas que cuenten c\u00f3mo ha evolucionado esta actividad en el [&hellip;]<\/p>\n","protected":false},"author":1,"featured_media":0,"parent":0,"menu_order":0,"comment_status":"closed","ping_status":"closed","template":"","meta":{"_acf_changed":false,"_lmt_disableupdate":"no","_lmt_disable":"","footnotes":""},"class_list":["post-12609","page","type-page","status-publish","hentry"],"acf":[],"_links":{"self":[{"href":"https:\/\/www.pantallauruguay.com.uy\/api-pu\/wp\/v2\/pages\/12609","targetHints":{"allow":["GET"]}}],"collection":[{"href":"https:\/\/www.pantallauruguay.com.uy\/api-pu\/wp\/v2\/pages"}],"about":[{"href":"https:\/\/www.pantallauruguay.com.uy\/api-pu\/wp\/v2\/types\/page"}],"author":[{"embeddable":true,"href":"https:\/\/www.pantallauruguay.com.uy\/api-pu\/wp\/v2\/users\/1"}],"replies":[{"embeddable":true,"href":"https:\/\/www.pantallauruguay.com.uy\/api-pu\/wp\/v2\/comments?post=12609"}],"version-history":[{"count":58,"href":"https:\/\/www.pantallauruguay.com.uy\/api-pu\/wp\/v2\/pages\/12609\/revisions"}],"predecessor-version":[{"id":53462,"href":"https:\/\/www.pantallauruguay.com.uy\/api-pu\/wp\/v2\/pages\/12609\/revisions\/53462"}],"wp:attachment":[{"href":"https:\/\/www.pantallauruguay.com.uy\/api-pu\/wp\/v2\/media?parent=12609"}],"curies":[{"name":"wp","href":"https:\/\/api.w.org\/{rel}","templated":true}]}}

<p style="font-weight: 400;">Pantalla Uruguay invita a participar del concurso de fotografía “Remate con Historia”, en el marco de la celebración de sus 25 años. El objetivo es recuperar, a través de imágenes, la memoria visual de la ganadería y su comercialización en Uruguay, incluyendo fotografías antiguas y contemporáneas que cuenten cómo ha evolucionado esta actividad en el país. Las fotografías ganadoras serán rematadas en un evento especial a realizarse en Setiembre 2026, con motive de la celebración de los 25 años de Pantalla Uruguay, y lo obtenido será entregado a escuelas rurales, seleccionadas por sorteo el día del remate.</p>
<p>&nbsp;</p>
<p>&nbsp;</p>
<p>&nbsp;</p>

<p>Pantalla Uruguay invita a participar del concurso de fotografía “Remate con Historia”, en el marco de la celebración de sus 25 años. El objetivo es recuperar, a través de imágenes, la memoria visual de la ganadería y su comercialización en Uruguay, incluyendo fotografías antiguas y contemporáneas que cuenten cómo ha evolucionado esta actividad en el [&hellip;]</p>
